t is the remainder when 1422253 is divided by 129262?
371
What is the remainder when 495365196 is divided by 82?
80
Calculate the remainder when 6272518 is divided by 54.
40
Calculate the remainder when 6829947 is divided by 1643.
1639
Calculate the remainder when 389576 is divided by 129705.
461
What is the remainder when 33048046 is divided by 27?
19
What is the remainder when 3843317 is divided by 93?
92
Calculate the remainder when 7644489 is divided by 7644481.
8
Calculate the remainder when 169012 is divided by 55559.
2335
What is the remainder when 6349363 is divided by 15?
13
Calculate the remainder when 3134688 is divided by 270.
258
What is the remainder when 10750 is divided by 658?
222
Calculate the remainder when 57293 is divided by 90.
53
Calculate the remainder when 79627583 is divided by 173.
8
Calculate the remainder when 108017 is divided by 7703.
175
Calculate the remainder when 1532130 is divided by 6104.
26
Calculate the remainder when 4724 is divided by 2336.
52
What is the remainder when 82706 is divided by 6693?
2390
Calculate the remainder when 97809 is divided by 1506.
1425
Calculate the remainder when 791982 is divided by 255.
207
What is the remainder when 547069 is divided by 2353?
1173
What is the remainder when 3418659 is divided by 1709310?
39
What is the remainder when 6937396 is divided by 355?
341
What is the remainder when 600517 is divided by 600488?
29
Calculate the remainder when 2367232 is divided by 172.
168
What is the remainder when 804749 is divided by 106?
103
Calculate the remainder when 22618134 is divided by 4170.
54
Calculate the remainder when 93943 is divided by 17.
1
What is the remainder when 236927 is divided by 11?
9
Calculate the remainder when 15913817 is divided by 936106.
15
What is the remainder when 27146318 is divided by 171812?
22
What is the remainder when 25805 is divided by 651?
416
What is the remainder when 59726 is divided by 59083?
643
Calculate the remainder when 2052910 is divided by 684167.
409
Calculate the remainder when 274682 is divided by 15215.
812
Calculate the remainder when 509842 is divided by 169225.
2167
Calculate the remainder when 597515 is divided by 959.
58
What is the remainder when 2376223 is divided by 1737?
7
Calculate the remainder when 6690261 is divided by 4545.
21
What is the remainder when 42724 is divided by 18841?
5042
Calculate the remainder when 10383979 is divided by 4277.
3700
Calculate the remainder when 4738 is divided by 3379.
1359
Calculate the remainder when 4058448 is divided by 3183.
123
What is the remainder when 49334 is divided by 1066?
298
Calculate the remainder when 179819 is divided by 49.
38
Calculate the remainder when 165689124 is divided by 126.
6
Calculate the remainder when 35454488 is divided by 28.
20
What is the remainder when 44484629 is divided by 192?
149
What is the remainder when 250804716 is divided by 14?
8
Calculate the remainder when 465608 is divided by 882.
794
What is the remainder when 1796350 is divided by 6909?
10
What is the remainder when 196949 is divided by 39341?
244
Calculate the remainder when 70991 is divided by 27.
8
Calculate the remainder when 290331 is divided by 189.
27
Calculate the remainder when 78673 is divided by 302.
153
Calculate the remainder when 1401535 is divided by 1401492.
43
Calculate the remainder when 2726624 is divided by 341.
329
What is the remainder when 374278 is divided by 52742?
5084
Calculate the remainder when 929554599 is divided by 1220.
1219
What is the remainder when 15875 is divided by 1604?
1439
What is the remainder when 55837689 is divided by 4927?
4925
What is the remainder when 97721 is divided by 1289?
1046
What is the remainder when 2405407 is divided by 44?
15
Calculate the remainder when 680658 is divided by 298.
26
Calculate the remainder when 79951 is divided by 1596.
151
Calculate the remainder when 18305 is divided by 2362.
1771
What is the remainder when 798527 is divided by 218?
211
What is the remainder when 7685747 is divided by 7?
6
Calculate the remainder when 1033683 is divided by 11114.
81
Calculate the remainder when 64077373 is divided by 32038664.
45
What is the remainder when 56596 is divided by 529?
522
Calculate the remainder when 136450596 is divided by 29.
28
Calculate the remainder when 7329975 is divided by 311.
16
What is the remainder when 256130 is divided by 2783?
94
Calculate the remainder when 13335167 is divided by 924.
923
What is the remainder when 77654 is divided by 77524?
130
What is the remainder when 112679 is divided by 1002?
455
What is the remainder when 96827 is divided by 1087?
84
Calculate the remainder when 286164392 is divided by 11.
8
Calculate the remainder when 30924 is divided by 7500.
924
What is the remainder when 20486734 is divided by 5?
4
What is the remainder when 18004412 is divided by 5112?
5060
Calculate the remainder when 82308883 is divided by 478540.
3
What is the remainder when 2994677 is divided by 1087?
1079
What is the remainder when 2956135 is divided by 990?
985
Calculate the remainder when 681447 is divided by 61949.
8
What is the remainder when 26064 is divided by 1273?
604
Calculate the remainder when 70548 is divided by 5454.
5100
Calculate the remainder when 381848 is divided by 132.
104
What is the remainder when 3748924 is divided by 91?
88
What is the remainder when 23424 is divided by 3903?
6
Calculate the remainder when 1340363 is divided by 268066.
33
What is the remainder when 53469 is divided by 12800?
2269
What is the remainder when 1254808 is divided by 22?
16
Calculate the remainder when 50824460 is divided by 18.
2
What is the remainder when 21829425 is divided by 1984493?
2
Calculate the remainder when 594770 is divided by 5.
0
Calculate the remainder when 153946 is divided by 215.
6
Calculate the remainder when 7084513 is divided by 7084497.
16
Calculate the remainder when 769603 is divided by 69.
46
Calculate the remainder when 17591292 is divided by 8795626.
40
What is the remainder when 44306 is divided by 983?
71
What is the remainder when 26410067 is divided by 160061?
2
Calculate the remainder when 21689978 is divided by 114.
110
What is the remainder when 961456 is divided by 12483?
265
What is the remainder when 34977083 is divided by 22?
9
Calculate the remainder when 24940798 is divided by 204.
166
What is the remainder when 67091051 is divided by 2236368?
11
What is the remainder when 18651 is divided by 805?
136
Calculate the remainder when 138613 is divided by 34641.
49
Calculate the remainder when 1133936 is divided by 36577.
49
What is the remainder when 41969655 is divided by 13989871?
42
Calculate the remainder when 3546776 is divided by 540.
56
What is the remainder when 9648 is divided by 4784?
80
What is the remainder when 558958 is divided by 3723?
508
What is the remainder when 7608517 is divided by 1428?
133
What is the remainder when 35911 is divided by 17871?
169
Calculate the remainder when 7931010 is divided by 255839.
1
Calculate the remainder when 90362 is divided by 26579.
10625
Calculate the remainder when 84625 is divided by 5218.
1137
Calculate the remainder when 263395 is divided by 1664.
483
What is the remainder when 17782096 is divided by 131?
25
What is the remainder when 48011436 is divided by 904?
900
What is the remainder when 3004476 is divided by 182?
20
Calculate the remainder when 25708719 is divided by 16.
15
What is the remainder when 4436168 is divided by 2218076?
16
Calculate the remainder when 62707 is divided by 4462.
239
Calculate the remainder when 1098130557 is divided by 320.
317
Calculate the remainder when 6608019 is divided by 87.
21
What is the remainder when 20732913 is divided by 282?
273
What is the remainder when 1114385 is divided by 13?
12
What is the remainder when 1715177 is divided by 148?
5
Calculate the remainder when 109251 is divided by 436.
251
What is the remainder when 116699 is divided by 475?
324
Calculate the remainder when 84610 is divided by 84569.
41
What is the remainder when 714106 is divided by 142541?
1401
What is the remainder when 225507 is divided by 74996?
519
What is the remainder when 2070360 is divided by 2070326?
34
Calculate the remainder when 1146993 is divided by 1146649